+ 14. Let n(o) = -3*o**3 + 8*o**2 + 16. Let b(w) = 6*n(w) - 7*s(w). Calculate b(h).
18
Let i(v) = 12*v - 412. Let b be i(35). Let o(s) = s**2 - 13*s + 33. Calculate o(b).
-7
Let p(i) = -i**3 - i**2 - i. Let j(b) = 5*b**3 + 19*b**2 + 17*b - 12. Let m(u) = -j(u) - 4*p(u). Give m(-14).
-2
Let k(d) = -6*d + 20. Let f be k(3). Let q(c) = 8*c**2 - 3*c**2 + 0*c**f - 1 + 5*c**2 - 2*c. Determine q(-1).
11
Let m(n) = n**3 - 3*n**2 - 5*n + 5. Let v be m(2). Let g = 16 + v. Let z(q) = -q**3 + 8*q**2 - 8*q + 2. Determine z(g).
-5
Let b(c) be the second derivative of c**4/12 + c**3 + c**2/2 + 13*c. Let u be b(-6). Let k(x) = 14*x**3 - 2*x**2 + x. Calculate k(u).
13
Let f(y) = 2*y - 4. Let m(a) = -a - 6. Let d be (-6)/9 + (-8)/(-3). Let k(n) = -2*n - 7. Let s(j) = d*k(j) - 3*m(j). Let t be s(7). What is f(t)?
-10
Let f(x) = -3*x - 1. Let w(g) = -2*g - 1. Let t(a) = -2*f(a) + 5*w(a). Calculate t(-5).
17
Let s(w) = w + 15. Let y be (12/3)/((-1)/(-14)). Let k be 6/14 - 8/(y/3). Give s(k).
15
Let p = -112 + 110. Let y(h) = h**2 - 2*h - 1. Give y(p).
7
Let l(q) = -550 + 2*q - q**2 - 545 + 1094. Determine l(3).
-4
Suppose 3*a - 15 = -0. Let p(d) = d - 2. Give p(a).
3
Let p(c) = c - 2. Let x(b) = b**2 - 13*b + 1. Let k be x(13). Determine p(k).
-1
Let y(r) = -2*r**3 - r. Let l(d) = -7*d**3 + 5*d**2 + 3*d + 3. Let v(o) = l(o) - 3*y(o). Give v(6).
3
Suppose 44 = -221*u + 210*u. Let c(k) = -k**3 - 5*k**2 - k + 1. What is c(u)?
-11
Let l(j) = 1 + 5*j - 14*j + 7*j. Determine l(-1).
3
Let a(n) = 7*n**3 + 12*n**2 - 13*n + 16. Let l(f) = 4*f**3 + 6*f**2 - 7*f + 8. Let k(q) = -3*a(q) + 5*l(q). Calculate k(-7).
13
Suppose 2*r - 460 + 466 = 0. Let b(j) be the second derivative of j**4/12 + j**3/3 - 3*j**2/2 + 4*j. Calculate b(r).
0
Let w(v) = -9*v - 41. Let c(h) = 4*h + 20. Let l(s) = 7*c(s) + 3*w(s). Give l(0).
17
Suppose 0 = -5*n - 6 - 14, -21 = -z + 5*n. Let t(m) = -2 - 7 + 10 + 2*m. Give t(z).
3
Let u(f) be the first derivative of f**2 + 2*f**3 + 1/4*f**4 - 2*f - 40. Calculate u(-4).
22
Let a(x) = -x + 2. Suppose -17 = -4*v + 7. Suppose t + 1 + 1 = y, 5*t + v = 4*y. Give a(t).
0
Let z(q) = 4 + 5*q + 0*q**2 - 5 - 1 - 6*q**2. Let y be z(6). Let g be 4/(-18) + y/(-36). Let j(m) = m**3 - 4*m**2 - 4*m - 1. What is j(g)?
4
Let a(u) = 2*u - 55. Let w be a(21). Let b(k) = k**2 + 13*k + 9. What is b(w)?
9
Let r(t) = t**3 - 4*t**2 + 4*t - 2. Let m be (-232)/(-16) + -13 + (-1)/(-2). Determine r(m).
-2
Let i be 1*(-3 - -2) + 2. Let y(h) be the first derivative of -h**4/4 - h**3/3 + 115. Calculate y(i).
-2
Let h(y) = -8 - 29946*y + 29947*y - 7. What is h(19)?
4
Let j(b) = 10*b**3 - 3*b + 4. Let r be (8/6)/(7/21). Let y(h) = h**3 - h + 1. Let s(p) = r*y(p) - j(p). Let a be ((-2)/(3 - 2))/(-2). Give s(a).
-7
Let z(g) = 2*g**2 + 4*g + 1. Let a(j) = -j**2 - 18*j - 24. Let s be a(-16). Suppose -2*p - 3*t + 6 = 29, -3*p + s = -4*t. Determine z(p).
17
Let j(i) be the first derivative of -i**4/4 + 8*i**3/3 - 9*i**2/2 + 3*i - 37. Determine j(7).
-11
Let r(i) = 6*i**2 + 6*i - 4 - 2*i**3 + i**3 - 3*i. Let w(a) = -a**3 - 5*a**2 - 7*a - 6. Let x be w(-4). What is r(x)?
14
Let k be 12/10*230/138. Suppose -2*i - 2*i - 3*f + 21 = 0, 2*i - 2*f = 0. Let p(j) = -2*j + i*j**2 - 4*j - 2*j + 4 - k*j**2. Calculate p(6).
-8
Suppose -6*c - m = -2*c - 14, 4*c = 2*m + 8. Suppose -3*a - a = 5*g - 14, -c*g - 4*a + 10 = 0. Let h(l) = -6*l**2 + 5*l**g + 3 - 7. Determine h(0).
-4
Let q(k) = -k**3 + k**2 + k + 5. Let c = 6 + -1. Let b be 4*((-4)/(-8) + 0). Suppose -b*x = -c*x. Determine q(x).
5
Let k(l) = -1 - l - 5*l + 10. Let g(c) = -c**2 - 14*c + 33. Let a be g(-16). Let n(b) = -b + 1. Let f(p) = a*k(p) - 5*n(p). Determine f(-3).
7
Let s(n) = 6 + 0*n - 15 + n**2 + n. Suppose -5*z - 6 = -6. Let b be z/(7/(21/(-6))). What is s(b)?
-9
Let h be -2 + (1 - 3) + 18/2. Let d(a) = -a**3 + 4*a**2 + 6*a - 5. Determine d(h).
0
Suppose 0 = 3*p + p + 8, -f = 5*p + 10. Let n(o) = -12 - o**2 - 6*o + 4*o + f - 8*o. Give n(-8).
4
Let q(y) = 2 - 3 - 135*y + 42*y + 50*y + 46*y. Let o be ((-2)/(-4))/((-1)/4). What is q(o)?
-7
Let b(c) = 4*c**3 - c**2 + 2*c - 1. Let i(j) = -3*j - 53. Let x be i(-17). Let t be -2 + 4 + x/(-2) + -2. Calculate b(t).
4
Suppose 2*f = -0*f. Suppose 9*i = 6*i. Suppose -2*w + i - 10 = f. Let u(z) = z**2 + 3*z - 4. Determine u(w).
6
Let b(y) = 0*y + 0 - y - 6. Let j(i) = i**2 + 2*i + 3. Let g be j(0). Let t be -3 - 4 - (g - 4). Determine b(t).
0
Let h(y) = -14*y**2 + y + 6. Let w(r) = 13*r**2 - r - 5. Suppose 9*z - 19*z - 50 = 0. Let q(k) = z*h(k) - 6*w(k). Determine q(-1).
-9
Let g(v) be the first derivative of -2*v**2 - v - 4. Let y be g(-1). Let h(k) be the third derivative of -k**4/24 + 2*k**3/3 + 3*k**2. Give h(y).
1
Let d(m) = -m**3 + 2*m**2 + m + 2. Let u be d(2). Let f(z) be the second derivative of z**5/20 - z**4/4 - z**3/2 + 2*z**2 + 2*z - 74. Calculate f(u).
8
Let s(l) = l**3 - 4*l**2 + 2*l + 1. Let t(n) = -n**3 + 6*n**2 + 6*n + 2. Let v = 25 - 18. Let y be t(v). Let j be -3*(-3 - y - 3). Give s(j).
-2
Let q(r) = 4*r + 2. Suppose -4*k + 15 = -y, 0*k = -2*y - 2*k + 10. Calculate q(y).
6
Let o(p) = 0 + 1 - 5 - 55*p + 50*p - 5. Give o(-6).
21
Let h(x) = 3*x**2 - 12*x - 4. Let r(j) = -6 - 4*j + j**2 - 2*j + 5 + 2*j. Let o(z) = 3*h(z) - 8*r(z). Determine o(4).
-4
Let l = 14 + -12. Suppose -q + l = q. Suppose -3*w - 15 = y, -3*y - q = -8*y + 4*w. Let i(h) = -h**3 - 3*h**2 + 2. Calculate i(y).
2
Let l(g) = g**3 + 1 + g + 2 - 3 + 7 + 4*g**2. Determine l(0).
7
Let n(j) = 2*j**2 + 1643*j - j**2 + 1589*j + 5 - 3238*j. Suppose 2*s + 2*s = 16. Determine n(s).
-3
Let q = -655 - -656. Let v(f) = -6*f + 3. Calculate v(q).
-3
Suppose -4*u = -u + 12. Let h(x) = -x**2 - 5*x - 2. Let f(a) = -5*a**2 - 26*a - 10. Suppose -21 + 31 = 5*c. Let z(k) = c*f(k) - 11*h(k). Determine z(u).
6
Let p(j) = j**3 - 10*j**2 + 23*j - 9. Let h be p(7). Let o(b) = b**2. What is o(h)?
25
Let t(f) = -2*f. Let k(p) = -p - 3. Suppose -x - 6 = -h, 2*h + 1 = 4*x + 17. Let w be k(x). What is t(w)?
2
Let l(u) = -u**2 + 2*u - 1. Let z(x) = -5*x**2 + 12*x + 2. Let o(t) = 4*l(t) - z(t). Give o(4).
-6
Let x(f) be the first derivative of -5/2*f**2 + 2*f + 28 + 1/3*f**3. Calculate x(3).
-4
Suppose 11 = -4*x - 3*h, 5*h + 11 - 26 = 0. Let w(o) be the second derivative of o**5/20 + o**4/2 + 2*o**3/3 - 3*o**2 + o. Give w(x).
-1
Let n(g) be the third derivative of -11*g**5/120 + 11*g**3/6 - 3*g**2. Let b(w) be the first derivative of n(w). Determine b(-1).
11
Let d = 233 + -233. Let o(i) = 6*i + 5. Give o(d).
5
Let n(d) be the second derivative of -2*d**4/3 + d**3/3 + d**2/2 - 112*d - 12. Suppose 0 = -6*w + 3*w + 3. Let g be (w/3)/((-2)/6). What is n(g)?
-9
Let c(v) = 10 - 22 + 15 - v + 4. Let n(z) = -z**3 + 4*z**2 + 8*z - 7. Let b be n(5). Calculate c(b).
-1
Suppose 3*p - 2*p - 6 = 0. Let i be p - 3*(-4)/12. Let n be (-1)/3 + i/3. Let u(y) = 2*y - 3. Determine u(n).
1
Let p(g) = -2*g - 2*g**2 + 3 + 3*g**3 + 19*g**3 - 23*g**3 - 4. Give p(-4).
39
Let r(i) = -i - 19. Let p be r(-9). Let m be p/(-4)*12/10. Let x(o) = o**2 + 2*o - o**m + 3*o**3 + 2 - 1 - 5*o**3. Give x(-1).
3
Let b be 17 + 1 - -21*8/(-56). Let k(z) = -4*z + 46. What is k(b)?
-14
Let j(l) = -4*l - 4 - 2*l + l**3 + 19*l + 3*l - 19*l - 2*l**2. Let n(p) = p - 3. Let q(c) = -1. Let u(b) = n(b) - 2*q(b). Let y be u(4). Calculate j(y).
-4
Let f(n) be the second derivative of -n**3/2 - n**2/2 - 99*n - 1. What is f(-2)?
5
Let w(u) = -7 + 38*u + 30*u**2 - 21*u**2 - 10*u**2 - 30*u. Let k be 32/6 - (-4)/6. What is w(k)?
5
Let y(g) = -1. Let b(v) = 0*v**2 - 3 + v**2 + 7*v + 6. Suppose -23*z - 92 = -23. Let i(t) = z*y(t) + b(t). What is i(-5)?
-4
Let x(j) = -11*j**3 + 18*j**2 - 23*j - 4. Let n(d) = 4*d**3 - 6*d**2 + 8*d + 1. Let b(h) = -8*n(h) - 3*x(h). Let p be (2934/(-198) + 15)/(1/22). Give b(p).
-8
Let a(x) = -7*x + 15 - 6 - 3 - 4. Suppose 7*b - b - 12 = 0. Determine a(b).
-12
Let h be ((-6)/1)/((-8)/44). Suppose -9*j = h + 3. Let i(x) = -3*x**3 - 6*x**2. Let u(f) = -f**3 - f**2. Let s(m) = i(m) - 2*u(m). Calculate s(j).
0
Let x(k) = -19*k - 10*k - 11*k + 17*k + 25*k - k**2 - 3. Suppose -6 = 5*v - 3*v. Let d be 3*1 + (v - -2). Determine x(d).
-3
Let q(l) = -l**2 - 13*l + 87. Let j be q(5). Let f(t) = -t**3 - 2*t**2 - 4. Give f(j).
5
Let r(p) = p**3 - 3*p**2 - 3*p + 6. Suppose 11 = 4*o + g, g - 6*g - 9